visor of u and b.
15
Let h be 4/1*(-3)/(-4). Suppose l + 46 = -0*c + h*c, 0 = 3*c + 2*l - 52. Calculate the highest common factor of c and 16.
16
Let k(j) = -j**2 + 11*j + 14. Let u be k(12). Let g be 49/21 - (-1)/(-3). Let h be (-11)/(-2) + g/4. Calculate the greatest common factor of u and h.
2
Let i(g) = -32*g**3 - 3*g**2 + 4 - 4*g - 2 + 30*g**3. Let w be i(-2). Let x be (-28)/(-3)*(0 + 6). Calculate the greatest common factor of x and w.
14
Let y = 1260 + -903. What is the greatest common divisor of 21 and y?
21
Suppose 10*s = 8*s + 714. What is the highest common factor of 17 and s?
17
Let p(c) = -c**2 + 10*c + 1. Let q be p(16). Let t = 24 - q. What is the greatest common factor of t and 17?
17
Suppose 9*r + 21 = -k + 5*r, -54 = 2*k + 4*r. Let g = k - -39. Let x = 133 - 79. Calculate the highest common divisor of x and g.
6
Suppose 0*r - 6 = -3*r. Suppose -4*n - t = -7, 8*n + r*t - 5 = 3*n. Suppose -3*g - n + 15 = 0. What is the greatest common divisor of 20 and g?
4
Let j be ((-4)/(-2))/((-4)/(-6)). Let f(q) = 3*q**2 - q - 2. Let h be f(j). Suppose -l + 37 = -205. Calculate the highest common factor of h and l.
22
Let i be 1 - (-2 - -6)/(-2). Suppose -i*t + t = -42. Calculate the highest common divisor of t and 3.
3
Suppose -7*r = -3*r - 8. Let l be ((-38)/(-4) - 4)*r. Calculate the greatest common factor of l and 121.
11
Suppose 4*m + 4*y - 1244 = 0, 4*y = 3*m + 2*y - 913. Suppose 3*w = 221 + m. Let s be (16/6)/((-3)/(-18)). What is the highest common divisor of s and w?
16
Suppose -3*d - a + 145 = 0, 4*d = 3*d + a + 55. Let o be (-147)/49 - 13*(1 + -2). Calculate the highest common divisor of d and o.
10
Suppose -5*c + 108 = -2*x, c + 2*x = -2*c + 52. Suppose 3*t = 3*k - t - c, 2*k - 20 = t. What is the greatest common divisor of 60 and k?
12
Let s(f) = -f**2 - 22*f - 1. Let r be s(-22). Let p(o) = 110*o**2 - 11*o - 10. Let b be p(r). Calculate the highest common divisor of b and 37.
37
Let v be 3653/14 + 17/238. What is the highest common divisor of v and 9?
9
Let r(o) = -o**2 - 2*o + 5. Let y be r(-4). Let c(q) = -q**3 + q**2 - 3*q - 1. Let d be c(y). Calculate the greatest common divisor of 11 and d.
11
Let h(o) = 20*o + 22. Let c be h(16). Suppose w = -w + c. Calculate the greatest common factor of w and 19.
19
Suppose 3*i + 8*f - 150 = 9*f, -5*f - 30 = 0. Let c(p) = p**2 - p + 4. Let n be c(4). What is the highest common divisor of i and n?
16
Let r be 6/(-1)*7/(-42). Let n = r - 4. Let p be 0 - (n + 6*-1). Calculate the highest common divisor of 36 and p.
9
Suppose a + 3*a - 25 = i, 10 = -2*a - 4*i. Suppose -a*c + 2*x = -69, 3*c = 2*c - 3*x + 7. Calculate the greatest common factor of 52 and c.
13
Let y = -671 - -841. What is the highest common divisor of 51 and y?
17
Suppose -3*q - 38 = -5*q. Suppose -5*i - 5*z + 6 = -q, -i - 4*z - 4 = 0. What is the greatest common divisor of i and 12?
4
Suppose -205 = -5*m - 5*f, 0 + 6 = -3*f. Calculate the greatest common factor of m and 387.
43
Let l be 465/124*4/3. Calculate the greatest common divisor of l and 65.
5
Let m be ((-5655)/(-580))/(1/((-4)/(-3))). Let b = 5 + 0. Suppose b*s = -6 + 461. What is the highest common divisor of m and s?
13
Suppose -9*d + 11*d = -372. Let m be d/(-48) - 2/(-16)*1. Calculate the highest common factor of 12 and m.
4
Suppose 4*s + o + 20 = 5*o, s - 4*o + 20 = 0. Suppose s*w + 5*w - 450 = 0. Suppose r = 3*r - w. What is the greatest common divisor of r and 9?
9
Let s(w) = 61*w + 4. Let j be s(3). Let u = -21 + 38. Calculate the highest common factor of u and j.
17
Let r = -787 + 1232. Calculate the greatest common factor of 20 and r.
5
Let i(g) = -2*g + 1. Let z be i(-5). Let y(v) = -4*v**2 + v - 5 - 4*v**3 + 3*v**3 - 1 + z*v**2. Let p be y(6). What is the greatest common factor of p and 4?
4
Let c(z) be the first derivative of -z**2/2 - 10*z + 4. Let q be c(-12). Suppose -q*s + 31 + 13 = 0. What is the greatest common divisor of 66 and s?
22
Suppose 5*u = 5*h + 85, 5*u - 46 = 2*u + 4*h. Let n be ((-5)/10)/((-2)/(-36)). Let j be (-590)/(-18) + (-2)/n. Calculate the greatest common factor of j and u.
11
Suppose -16*z = -549 - 283. Let v = 659 - 191. Calculate the greatest common factor of v and z.
52
Suppose 0 = 4*g + 3*d - 62 + 8, -3*g = 3*d - 39. Suppose -g = -5*m - 0*m. Let k be 26 - (7 - m - 0). What is the greatest common divisor of 44 and k?
22
Let a be (-1 - (-3 - 6/3)) + -2. Suppose -o + 4 = 0, 6*o = 2*m + a*o - 8. What is the highest common factor of m and 108?
12
Let n(c) = -5*c - 36. Let y be n(-8). Suppose 3*z - j = 184, -3*j = -4*j - y. What is the highest common divisor of 12 and z?
12
Suppose -2*o + 4 - 16 = -3*h, -h - o = -4. Suppose 10 = h*n - 2. What is the highest common factor of n and 2?
1
Suppose 9*k - 33 = 21. Let x be -11*k*(0 + -1). What is the greatest common factor of x and 44?
22
Suppose -w + 1 = 4*w + u, -3*u + 3 = -2*w. Let z be (-8 + w)*(-7)/14. Suppose 2*o - 4 = -0. Calculate the highest common factor of z and o.
2
Let h = 633 + -902. Let x be (-13)/(-39) + h/(-3). Suppose 16 = p - 20. What is the greatest common divisor of p and x?
18
Let l be -1 + (-25)/(-1) - 1. Let y be (-3)/(-6) + 5/(-10) + 2. Let f be (-12)/8 - (-325)/y. What is the greatest common factor of f and l?
23
Suppose -133 = 33*a - 1717. What is the greatest common factor of a and 90?
6
Suppose -12*s = 120 - 168. Let j be (4/5)/((-1)/(-5)). Calculate the greatest common factor of s and j.
4
Let g(z) = 4*z**2 + 3*z + 2. Let m be g(-2). Suppose -m*n + 4244 = 1604. What is the highest common factor of 20 and n?
20
Suppose -40*s + 32*s + 264 = 0. Suppose -11 + s = 11*r. Suppose -o - 2*o + 18 = 0. What is the highest common factor of r and o?
2
Let j be ((-726)/(-4) - -3)*8/6. Let g = j - 156. Calculate the highest common factor of g and 10.
10
Suppose 7*s - 4*s + 312 = 0. Let j be 1*3/2*s/(-3). Calculate the greatest common divisor of j and 13.
13
Let x(s) = 22*s + 5. Let l be x(-3). Let h = 82 + l. What is the greatest common divisor of 7 and h?
7
Let c be (8/(-14))/(-2) - (-620)/35. Suppose 5*n - 15 = 3*q, 4*q + 3*n + 50 = 1. Let y be 1/5 - 1258/q. What is the highest common factor of y and c?
18
Let y = -487 - -493. Calculate the highest common divisor of y and 30.
6
Suppose 43 + 25 = 2*u. Suppose 6*m - 154 = 3*m - 5*p, -p = 3*m - 134. Suppose 0 = -r + m - 26. Calculate the greatest common divisor of u and r.
17
Suppose 9*l - 6635 = 1366. Calculate the greatest common divisor of l and 7.
7
Let y(p) = -p**3 - 13*p**2 - 4*p - 10. Let x be y(-13). What is the greatest common factor of 6 and x?
6
Let k be 0*(-3 - -2) + 14. Suppose v - 14*v = -26. Suppose -k = -4*w + v. What is the highest common factor of w and 20?
4
Let y = 1 - 0. Let v = 4 + y. Let q(x) = -x**3 + 35*x**2 + 36*x + 5. Let u be q(36). Calculate the highest common factor of v and u.
5
Suppose 1140 = 9*u - 498. What is the highest common divisor of u and 130?
26
Suppose 0 = 1240*j - 1232*j - 1176. Calculate the highest common factor of j and 539.
49
Let x(v) = v**3 + 8*v**2 + 9*v + 3. Let p be x(-6). Let i(u) = u**2 - 19*u + 69. Let k be i(16). Calculate the highest common factor of k and p.
21
Let g(u) = 4*u**2 - u - 7. Let t be g(-4). Calculate the highest common divisor of t and 61.
61
Let l be -2 - (1 - (-2 - -21)). Let g be 63/14*(-4)/(-6). Suppose g*b - 64 = -b. Calculate the greatest common divisor of b and l.
16
Let y be 1/(((-2)/15)/(-2)). Let n(h) = 2*h**2 + 13. Let r be n(0). Suppose 0 = 2*m - r + 7. Calculate the greatest common divisor of m and y.
3
Suppose -5*c - 4 - 21 = 0. Let f be 4/(-10) + (-22)/c. Suppose 1 + f = q. Calculate the highest common divisor of 10 and q.
5
Suppose 0 = 8*y - 693 + 261. Suppose 4*i - 22 = -h, 5*i - 24 = -h + 2. What is the highest common factor of h and y?
6
Suppose -112*h + 180 = -107*h. Calculate the greatest common divisor of h and 198.
18
Suppose -2*b - 17 = 3. Let c(h) = h - 16. Let n be c(7). Let v be (15/b)/(n/60). Calculate the highest common divisor of 20 and v.
10
Suppose -3*o - 257 = 2*w - 35, -5*o + 3*w - 370 = 0. Let k = o - -84. What is the highest common factor of k and 20?
10
Let u = 2 - -12. Let w = 17 - u. Let q = 29 + w. What is the greatest common factor of 8 and q?
8
Let n(v) = v**3 - 8*v**2 - 11*v + 6. Let r be n(9). Let a = r +